) = 3*u**2 + 6*u + 13. Let r(o) = b*a(o) + l(o). Is r(-13) prime?
True
Let n(k) = 3*k**3 + 169*k**2 + k - 223. Is n(-16) a composite number?
True
Let u(a) be the second derivative of -175*a**3/6 + 23*a**2 - 70*a - 2. Is u(-7) prime?
False
Is (-3 - -7) + 30359 + 4 prime?
True
Let m be (12/(-10))/(2/(-10)). Suppose 0 = -m*o - 45 + 201. Is 4929/13 - (-2 + 56/o) a prime number?
True
Suppose 2*j - 8*o = -12*o + 1597738, -6*j - 2*o + 4793254 = 0. Is j composite?
True
Suppose 6*y = -4*y + 80. Is 71835/35 - y/(-14) a prime number?
True
Is 1439/3 - (132/18)/11 prime?
True
Let f be (-1)/3*(35/28)/(5/48). Let v(k) be the second derivative of 7*k**4/3 + k**3/6 + 7*k**2/2 - 2*k. Is v(f) prime?
False
Let o(v) = -v**2 + 7*v - 10. Let l be o(3). Suppose l*x = 1132 + 64. Suppose s - x = -3*z, 1283 = 5*s + 4*z - 1762. Is s prime?
True
Let l be 9/12 - 65/(-20). Suppose -268 = -f - 5*q, 8 = -l*q - 8. Let r = 431 + f. Is r a composite number?
False
Let s(p) = -25 + 4 + 17*p - 1. Let f be s(7). Suppose 0 = -5*n + 168 + f. Is n prime?
True
Suppose 4*j + 4*b - 892 = 0, 0 = 2*j - 4*b + 3*b - 440. Suppose -j = -g - 3*c + 45, -4 = -4*c. Is g composite?
False
Suppose 2*r + 2*r - 3*m = -27, 5*m = -r - 1. Let c be r/24 + (-21538)/(-8). Suppose -21*w = -25*w + c. Is w prime?
True
Let s(p) = 187*p**2 + p - 41. Let k(h) = h**2 + 2*h. Let f(i) = -6*k(i) + s(i). Is f(-6) prime?
False
Let d(g) = 124*g**3 - 5*g**2 - 13*g - 15. Is d(13) a prime number?
False
Let t = 18958 - 650. Suppose l = t - 787. Is l prime?
False
Suppose -2*b = -4*x + 2*b + 322816, 3*x = -5*b + 242080. Suppose 45*q = 817455 + x. Is q prime?
False
Suppose 731663 = 3*h - 2*u, 216 = -u + 215. Is h a prime number?
False
Let q(c) = -6*c - 98. Let p be q(-17). Suppose 3*t + 81008 = p*v, t = -3*v + 4*t + 60759. Is v a prime number?
True
Let r(m) = 9019*m + 354. Is r(5) prime?
False
Let v(s) = 100*s**2 - 1064*s - 19. Is v(-18) a prime number?
False
Let t(y) = 7*y**2 + 5*y - 1. Let k be 26/3 - (-58)/(-87). Is t(k) a prime number?
True
Suppose 14*m + 3 + 25 = 0. Let b be (m - 2) + 1 - (0 + -7). Is ((-1049)/b)/((-3)/12) a composite number?
False
Suppose 7*m - 4*m = 5*g - 101425, -4*g = 5*m - 81177. Suppose p - 14207 = g. Is p a prime number?
False
Suppose 2*i = 2*x + 10, 0 = -i - 4*x - 53 + 48. Suppose -c + 4957 = i*s, -5*c + 0*s = 2*s - 24759. Is c a prime number?
True
Let u be (3 + -3)*(-14)/42. Suppose 9*i - 12*i + 5541 = u. Is i composite?
False
Let g(s) = -67048*s + 211. Is g(-4) a composite number?
False
Suppose x + n - 3016 = 5*n, -3*n = -3*x + 9012. Let i = x + 547. Is i composite?
False
Suppose 15702 = 3*l - 5109. Suppose -3461 - l = -3*v. Is v a prime number?
False
Let i(f) be the third derivative of 7*f**5/15 - 29*f**4/24 + 25*f**3/6 - 52*f**2. Is i(-14) prime?
False
Suppose -365*p + 121583897 + 136772958 = 0. Is p a composite number?
False
Suppose 1473*i = 1470*i + 4*u + 1445, -2*i = -5*u - 968. Is i composite?
False
Let x(l) = 6*l**2 + 116*l + 489. Is x(-98) a composite number?
True
Suppose -30 = -3*y - 3*h, -y - 4 + 5 = -2*h. Let l(w) = y*w + 41*w**2 + 12*w**2 + 57*w**2 - 2*w. Is l(1) prime?
False
Let q = -5 + -3. Let n(k) = 6*k**3 + 17*k**2 + 45*k - 21. Let p(x) = 2*x**3 + 6*x**2 + 15*x - 7. Let r(g) = -3*n(g) + 8*p(g). Is r(q) a composite number?
True
Let n(b) = -23483*b - 4505. Is n(-6) a composite number?
False
Is 20696344/60 + 8/6 - 69/(-115) a composite number?
False
Suppose 30*a - 7296 = 4434. Let z be (1*-194)/(1/(-3)). Let m = z - a. Is m composite?
False
Let o = -17759 + 64128. Is o composite?
True
Let t be (-5)/(-2) + 327666/(-12) + 3. Let j = t - -58439. Is j a prime number?
True
Suppose 0 = -46*y + 74326 + 72828. Suppose -2*f = -x - 13365, 9877 = f - 5*x + y. Is f prime?
False
Let v(h) = -h**2 + h + 4. Let u be v(2). Suppose -u*q = 5*q - 1533. Is q prime?
False
Let j be (-45128)/52 - (-10)/(-65). Let o = j + 543. Let g = 482 + o. Is g composite?
False
Suppose 57 = -5*v + 3*n + 891, 2*n = 2*v - 332. Let u(a) = v*a - 62*a + 295*a + 94*a + 8. Is u(2) prime?
False
Suppose -1675 + 289 = 11*w. Let n be (w/8)/(-1)*(-2 - -38). Suppose -3*m + 1693 = 3*c - 5*c, -m + 2*c + n = 0. Is m a composite number?
False
Let c = 15 - 9. Let t be (c/(-8))/(19/(-9956)). Suppose 0 = 2*f - 189 - t. Is f composite?
True
Let h(m) be the second derivative of -m**5/20 + 29*m**4/12 - 7*m**3 - 5*m**2/2 + 2*m + 34. Is h(23) prime?
True
Let z(f) = -3675*f**3 + 513*f**3 + 6*f - f + 5*f + 24 + 13. Is z(-3) composite?
False
Let m = -22207 - -116241. Is m prime?
False
Let v(f) = -79*f**2 + 4*f + 8. Let s(a) = a**2 - a - 1. Let d(l) = 6*s(l) - v(l). Is d(-2) a composite number?
True
Let g(h) = 5*h - 10. Let i be g(7). Suppose -1 = 2*j - v, -i = -5*j - v - 2*v. Is j/(-10) + 6776/5 a composite number?
True
Let i(t) be the third derivative of 1291*t**5/60 + t**4/3 - 16*t**3/3 + 8*t**2. Is i(3) a composite number?
True
Let r = 4 - 12. Let w(j) = 80*j - 51. Let v(c) = 83*c - 65. Let t(d) = 5*v(d) - 6*w(d). Is t(r) a prime number?
False
Is (-21 + 646844)/((9 + -8)*(-4)/(-8)) a composite number?
True
Suppose -3*n + 8*q - 5*q - 114 = 0, q = 4*n + 164. Let t = -39 - n. Suppose 0 = -t*d + 1334 + 139. Is d prime?
True
Let y be ((-4)/(-6 + 2))/(-3 + 2). Let v be y*1/(6/15)*-2. Is (418/(-4))/(v/10 + -1) a prime number?
False
Let j(w) = -1707*w**3 - 3*w**2 + w + 3. Is j(-4) a composite number?
False
Suppose 39*h - 41*h + 12408 = 0. Let x = -3095 + h. Is x prime?
True
Let j = 285 + -285. Suppose j = 30*q - 25*q - 80915. Is q a prime number?
True
Suppose 0 = -11*u - 68 + 1795. Let l = 604 - u. Is l composite?
True
Suppose -8704862 = -51*q + 2*q + 2125167. Is q composite?
False
Suppose 0 = 43*n - 23073089 - 21678516. Is n composite?
True
Let j(v) = 7*v**2 - 20*v + 50789. Is j(0) prime?
True
Let y(k) = 93*k**2 - 12*k - 38. Let m be y(-8). Suppose -3*l = 4*h - 9021, -12*l - 4*h = -10*l - m. Is l a prime number?
True
Is (-77)/77*(624029 - 1)/(-4) composite?
False
Let l be (0 - -52)*(-378)/(-24). Let t(r) = -r**2 + 10*r + 149. Let b be t(18). Suppose b*k - 2*x - 4338 = -333, -k + l = -4*x. Is k prime?
False
Suppose -3*o + 3*h = -162, h + 75 + 33 = 2*o. Suppose 12*s - 25134 = o. Is s composite?
False
Let a(t) = 11423*t**2 - 3234*t**2 - 6*t + 8819*t**2 - 3. Is a(-2) a composite number?
False
Let a = -261843 + 695344. Is a composite?
False
Suppose 29*p = 26*p - 9. Let o be (3*(-3 + 4))/(p/(-3734)). Suppose -3*v = 3*c - 2226, 5*v - 5*c + 2*c = o. Is v a prime number?
False
Suppose 0 - 3 = -d. Suppose k + 22 = 23, 4*r - 4615 = k. Suppose r = 2*m - m - d*a, -5*m - a = -5818. Is m composite?
False
Suppose 0 = 55*n - 60*n + 98925. Let o = n - 10280. Is o a prime number?
False
Let i(r) = -42459*r + 91. Is i(-2) prime?
True
Let h(y) = -5*y**3 - 6*y + 5 + 3*y**3 - 7*y**2 + 18*y**3 + 2. Let r be h(-5). Let b = -1455 - r. Is b prime?
True
Suppose 5*x + 244 = -s - 129, 5*x + 761 = -2*s. Is (-1 + -9)*s/8 a composite number?
True
Let o be (42/70 + (-234)/(-10))*3. Is (-16)/o + (-2 - (-94126)/18) a composite number?
False
Let i be (-132)/(-28) + -3*2/(-21). Suppose 4*g - 2*g - z - 1443 = 0, -g + 694 = i*z. Is (-2 + (-3)/(-1))*g a composite number?
False
Let i = 2951570 + -1962451. Is i prime?
True
Suppose 7*i - 5 = -40. Let z(u) = 59*u**2 - 14*u - 2. Is z(i) a prime number?
True
Let f = 27390 - -150188. Is f composite?
True
Let o(i) = i**3 - 27*i**2 - 14*i + 822. Let w be o(31). Let p = 48 - 31. Suppose -9*r - w = -p*r. Is r a composite number?
True
Let c = -135201 - -203384. Is c composite?
True
Suppose -5*v = -3*q + 152028, 3*q - 151998 = -110*v + 105*v. Is q a composite number?
False
Suppose -49*c + 6506172 + 5830400 - 3137949 = 0. Is c a composite number?
True
Let g be ((-8)/(-1) - -1) + -2. Suppose c + 3534 = g*c. Let w = 84 + c. Is w prime?
True
Suppose -4297562 + 22808681 = 115*u - 11523086. Is u a composite number?
False
Let o be (-8335382)/(-328) - 2/(-8). Suppose -25*y + o - 8638 = 0. Is y prime?
False
Suppose -47*f + 17028221 = 1487530. Is f composite?
False
Let t be 10/4*(8304/15 - 2). Let o = t - -1523. Is o a prime number?
False
Suppose 2*k = 10 + 2, 2*p - 27646 = -4*k. Is p a composite number?
True
Let h = -174 - -174. Suppose h = -3*l + 5*a + 3783, 0*l - 3783 = -3*l + 4*a. Is l a prime number?
False
Let o be 1*0*1/(-2). Suppose o = -4*d + 2*d + 9*d.